+ 1) - -613*5. What is the highest common divisor of b and 288?
96
Suppose -k - 1 + 3 = 0. Let j = 3 + k. Suppose 1282*n + 1200 = 1362*n. Calculate the highest common factor of n and j.
5
Let g = 14 - -1. Suppose 5*q + 6468 = -17*q. Let i = q - -297. Calculate the greatest common factor of g and i.
3
Suppose -24 = -9*v - 6. Let o be ((-45)/(-10) - 4)*v*14. What is the highest common factor of o and 14?
14
Suppose -2202162 = -384*o + 1716942. What is the greatest common divisor of o and 28?
14
Let q be -23 - -26 - (-167)/1. Let r = 724 + q. Calculate the highest common divisor of r and 6.
6
Suppose -277 - 155 = -16*q. Calculate the highest common divisor of 117 and q.
9
Suppose -7*a = -12*a. Let z(i) = -i**2 + 27. Let s be z(a). Calculate the highest common factor of 783 and s.
27
Suppose 0 = 4*s + 3*w - 4*w + 97, 0 = -s - 3*w - 34. Let t = -55 - s. Let j be 504/10*t/(-9). Calculate the greatest common factor of 21 and j.
21
Suppose -36*n = -40*n + 468. Suppose 0 = -11*a + n - 7. Let w(y) = -y**2 + 12*y - 4. Let t be w(a). What is the greatest common divisor of 12 and t?
4
Let i(f) = -f**2 + 24*f - 78. Let b be i(20). Suppose 4*a = 3*l + 7, 2*l - a - 4 = -b. What is the greatest common factor of l and 96?
3
Let j(t) = 4*t**3 - 12*t**2 + 15*t - 2. Let z be j(2). What is the highest common factor of 7194 and z?
6
Let b = 12 + 1. Let z = 22 - b. Let v = z + 4. Calculate the highest common factor of v and 117.
13
Let z = 2794 + -2760. What is the highest common factor of z and 9078?
34
Suppose 0*g - g + 2 = 0. Suppose g*i = 419 + 355. What is the highest common factor of i and 43?
43
Suppose 3*s - 4*f - 366 + 316 = 0, 0 = 2*s + 4*f. Calculate the greatest common factor of s and 3040.
10
Let s = 194 + -138. Suppose -5*n - 91*h = -88*h - 303, 185 = 3*n + h. Calculate the highest common factor of s and n.
7
Let j be 0 + 0 + 105 + -3 + -7. Let w = j + -82. Calculate the greatest common divisor of 1 and w.
1
Let x = 10 - 11. Let d be (-3 + -1 + 3)/x. Let l = -737 - -740. What is the highest common divisor of l and d?
1
Let h = 32 + 4. Let z = -35 - -61. Let t = h - z. What is the greatest common divisor of t and 50?
10
Let y(d) = -d**2 + 9*d + 1. Let t be y(9). Let f be (t/2 - 1)*-14. Let c be (-2 + 4)/6 - 498/(-18). What is the highest common divisor of c and f?
7
Suppose 14539 + 1589 = 28*o. Calculate the greatest common factor of 18 and o.
18
Let j = 15510 - 12751. What is the highest common factor of 1157 and j?
89
Let c be ((-252)/(-70))/(4/550). Calculate the greatest common divisor of c and 1375.
55
Suppose -236*t = j - 241*t - 7840, 0 = 5*j + 2*t - 39254. What is the greatest common factor of 175 and j?
25
Let b(u) = 8*u - 1. Let c(j) = -4*j + 1. Let g(w) = -4*b(w) - 9*c(w). Let s be g(3). Suppose -4*y = -s*y + 168. What is the greatest common factor of y and 7?
7
Let g(u) = -u**2 - 17*u + 40. Let d be g(-16). Let w be (-2)/8*0 - -3. Let q be -2 + (140 - (-6)/w). What is the highest common divisor of d and q?
28
Let x(d) = d**3 + 8*d**2 - 6*d + 20. Let m be x(4). Suppose b - 5*k - 88 = -14, -3*b - 2*k + m = 0. What is the highest common factor of 704 and b?
64
Let r be -10 + 25/5 + 30. Let c be 15 + ((-2)/(-5))/((-5)/r). Suppose p = o - 2*p - c, 3*o - 3*p = 15. What is the highest common factor of 5 and o?
1
Let m be ((-4)/(-6))/((-4)/504*-6). Let n(b) = b**3 - 13*b**2 - 13*b + 40. Let v be n(m). What is the highest common divisor of v and 27?
27
Let w(f) = 77*f + 186. Let z be w(6). Let k be (2/(-3))/((-54)/z). Suppose 4*x = 2*q + 120, q + 44 = x + 4*q. Calculate the greatest common divisor of k and x.
8
Suppose -145*l + 138*l = 1498. Let q = -200 - l. Calculate the highest common factor of q and 63.
7
Let q(c) = 144*c**3 + 2*c**2 - 4*c + 1. Let n be q(1). Calculate the greatest common factor of n and 247.
13
Let j = 514 - 220. Let l = -1184 - -1254. What is the greatest common factor of j and l?
14
Let g = -151 + 267. Let n(f) = -421*f - 14. Let q be n(-1). Let m = 436 - q. Calculate the highest common divisor of m and g.
29
Let y(d) = -d**2 + 6 - 4*d + 4*d + 165 - 15*d - 6*d. Let u be y(-26). Calculate the greatest common divisor of 697 and u.
41
Let o(z) = 6*z**2 + 12*z + 27. Let d be o(-27). Calculate the highest common divisor of d and 27.
27
Let q be -9435*(10 + (-1 - 248/24)). What is the greatest common factor of q and 20?
20
Suppose -3*d - 3*x + 22 = -4*x, -2 = -x. Suppose 6*c - 6 = 4*c, 0 = -4*o + 4*c. Suppose -2*s + o*s - 32 = 0. Calculate the greatest common divisor of s and d.
8
Let y = 8183 + -4565. Calculate the highest common factor of y and 54.
54
Let d be 4/6 + 1820/6. Let c = -214 + d. Suppose -3*a + 2*x = -50, -56 = -3*a - 5*x + 4*x. What is the highest common divisor of c and a?
18
Let y be (3 - (-42)/(-12))/((-2)/(-24)). Let q be (-19)/(4*y/48). What is the highest common divisor of q and 152?
38
Let x = -275 - -580. Suppose -37*k + x = 46. Calculate the greatest common divisor of 7 and k.
7
Suppose 164*y + 152434 = 436154. Calculate the highest common divisor of 50 and y.
10
Let t(x) = 4*x**2 + 150*x + 645. Let p be t(-34). Calculate the highest common divisor of 18083 and p.
169
Let r(f) = -47*f - 1772. Let m be r(-38). Suppose 3*y - 388 = 5*w, -4*y + 2*w + 508 = -0*w. What is the highest common divisor of y and m?
14
Let p(v) = 2*v**3 - 7*v**2 - v - 4. Let f be p(5). Let i = -56 + f. Suppose t = 3*j - 135, j + t = 40 + 5. What is the greatest common factor of j and i?
5
Let t be (-1 - 4/3)*-3. Suppose 11051 = 52*y - 13805. Suppose y*h - 473*h - 140 = 0. Calculate the greatest common factor of t and h.
7
Let u be (545 - -39)*(-77)/(-56). Calculate the greatest common factor of 242 and u.
11
Let h be -8*1*3/(-6). Let j be 10/4*(h + -2). Let d be (5/(-2))/((-11)/66) - 0. Calculate the highest common factor of j and d.
5
Let y be (4/(-3))/((-5)/45 + 0). Let z be (y/(-8))/((-155)/70 + 2). Calculate the highest common factor of 154 and z.
7
Suppose 105*p + 4*t = 102*p + 513, 5*p + 3*t = 866. What is the greatest common divisor of 917 and p?
7
Let g = 6824 - 6590. Calculate the highest common factor of 11349 and g.
117
Let b(p) = -4*p**2 + 2*p + 2. Let l be b(-1). Let c be l + 22 - -2 - 1. Suppose n + 49 = 4*z - 2*n, c = z - 3*n. What is the highest common divisor of z and 80?
10
Suppose 3*c - 292 = 472 + 28. Calculate the highest common factor of c and 957.
33
Let o = 1 - -29. Suppose 10*r + 2436 + 464 = 39*r. What is the greatest common factor of r and o?
10
Suppose -4*n + 445 = -283. Let a = n + -161. Let w be ((-168)/10)/(4/(-40)). What is the greatest common factor of a and w?
21
Suppose 23*f + 40 = 13*f. Let y(i) = -i**2 - 13*i - 23. Let q be y(f). Calculate the greatest common divisor of 65 and q.
13
Let i be 1/2*(-1 - -13). Suppose 10 = -5*m - 5*t, -70 = 5*m - 4*t - 105. Let c be (10/m)/((-189)/(-1701)). What is the greatest common divisor of i and c?
6
Suppose 11*d - 377 = 74. Suppose 43*p - 130 = d*p. Let k(j) = 2*j**2 + 3*j - 1. Let o be k(2). What is the greatest common divisor of p and o?
13
Suppose 6*r - 35 = r. Let b(m) = 24*m**2 + 2*m - 4. Let f be b(2). Let g = f + -82. What is the highest common divisor of g and r?
7
Let p(s) = 3*s**2 - 256*s - 761. Let j be p(-3). What is the highest common factor of j and 4318?
34
Let g be 3106/3 + 280/(-210). What is the highest common factor of g and 141?
47
Let u be 9/(-63) + 50/7. Let d be (7/(u/(-30)))/((-24)/72). Calculate the highest common factor of d and 36.
18
Let u be -1 + (-5)/(-7) + (-5751)/(-63). Let q be 2085/65 - 7/u. Calculate the highest common factor of 464 and q.
16
Let a = -617 + 925. Let m = -239 + a. What is the highest common divisor of m and 3?
3
Suppose 63 = 5*g - y - 82, 4*g - 5*y = 116. Let q(m) = -m**3 - m**2 - 7*m - 10. Let p be q(-3). What is the highest common factor of g and p?
29
Suppose 0 = -2*y + 3 + 1. Let h be -1 - (-3 - ((4 - y) + -2)). Suppose -h*p = -2*b + 22, 4*p + 36 - 3 = 3*b. Calculate the greatest common factor of 66 and b.
11
Suppose 3*x - h - 14 = 0, 4*x + 0*h = h + 19. Suppose -7*r + 162 = -x*r. Let w be 2 + 2 - (-3 + -2). What is the highest common factor of w and r?
9
Suppose -9*w + 4278744 = 207*w. Calculate the highest common divisor of w and 93.
93
Let r = -312 - -319. Suppose 0 = 4*q - r*q + 39. What is the greates